, o*q = 2*u + 2729. Is q composite?
False
Suppose -348 = d - 372. Let g(v) = 9*v**2 - 28*v - 29. Is g(d) a prime number?
True
Suppose 4*l + 1874673 = 5*c, -374936 = -0*c - c + l. Is c a prime number?
True
Suppose -5*q = -i + 1, 0 = -5*q + 10 - 0. Suppose 283325 = 14*a + i*a. Is a prime?
False
Let r(j) = 6*j**3 - 4*j**2 - 7*j + 2. Let m be r(2). Let b(k) = 790*k**2 + 2*k + 1. Let d be b(-2). Suppose -13*u + m*u = d. Is u composite?
True
Let t = -8487 + 5998. Let f = -18 + -1737. Let w = f - t. Is w composite?
True
Let w = 34 + -30. Suppose -r + 3*b = -449 - 92, -536 = -r + 2*b. Suppose 6842 - r = w*v. Is v prime?
True
Let r(t) be the first derivative of 2*t**3/3 - 13*t**2/2 + 24*t - 17. Let w = 27 - 38. Is r(w) a composite number?
False
Let n be 2/(-12)*18/(-4)*4. Suppose -f = -n*z - 15, f - 19 = 4*z - 0. Is z/(-8)*(5365 - -1) a prime number?
True
Let l(t) = -2*t + 49. Let i be l(23). Suppose i*h - 3077 = -x, 2*x = -2*h - 222 + 6368. Is x a prime number?
False
Is 5*(-22)/(330/(-183321)) composite?
True
Let b be 800/30*(-9)/(-5). Suppose -52*s + b*s + 22132 = 0. Is s prime?
False
Let w = -5087 - -9078. Is w prime?
False
Is (554750/(-28) - 6)*-2 composite?
True
Let o(m) be the first derivative of -35*m**2/2 - m + 28. Is o(-2) a prime number?
False
Let s be (-3 - (-20)/3)*3. Suppose 0 = 15*y - s*y - 32. Is (3197/(-92))/((2/y)/(-1)) a composite number?
False
Suppose 101*c - 2*c = 30847707. Is c composite?
True
Suppose -2*k = -2, 4*b - 2*k = -0*k + 357042. Is b prime?
True
Let i be -4 - (-1321 - (1 - -1)). Suppose f = 4*z - 7435, 9325 = 5*z + f + 4*f. Let j = z - i. Is j prime?
True
Let k = 26428 + 18055. Is k prime?
True
Let b = 1857 - -1753. Suppose -17158 = -4*w - b. Is w composite?
True
Let f be (-1 + 2 - (4 - 5)) + 19. Let x be (-2)/(-7) - ((-414)/f - 1). Suppose x*r - 19*r - 298 = 0. Is r a composite number?
False
Suppose -17 = -f + 5*q, 3*f - 4*q - 41 = q. Suppose -2*x + 12 = -w - 0*w, -4*x - w = -f. Suppose z - n - 662 = 0, -z = x*z + n - 3340. Is z prime?
False
Let i(v) = -v - 6. Let a be i(-4). Let l(t) = -2*t - 2. Let k be l(a). Is (-12)/(-20) - (6072/(-5) - k) a composite number?
False
Let h = 7 + 15. Let b(g) = 17*g**2 + 11*g + 31. Is b(h) composite?
False
Is (-65)/20 + 3 - 294210/(-40) composite?
True
Let n be ((-145)/(-25) + -5)/(4/(-10)). Let h(m) = 260*m - 20. Let f be h(6). Is 1/1 + f - n prime?
True
Let k = -83152 - -317585. Is k a composite number?
True
Suppose 4*c + j - 14 = 0, -3*j = -c - 5 + 2. Suppose z = -c*z + 5092. Suppose z = 2*b + 2*i - 5*i, -3170 = -5*b + 5*i. Is b a composite number?
True
Let j be (-20)/16*1*43*-52. Let y = 11621 + j. Suppose -y = -17*n + n. Is n prime?
False
Is -8 + (6 - 4) + 10990483/7 a prime number?
False
Let g be (-2)/4*(-18)/(-9). Is 60/75*(-3595)/(-2) - g prime?
True
Let a(y) = 26405*y**3 + 3*y**2 - 4*y + 5. Is a(2) a composite number?
True
Suppose l = 5*d + 5523, -l + 3*d - 5515 = -2*l. Let x = 12761 - l. Is x a composite number?
False
Let o = 701 - 698. Suppose 5*w - m = 7341, -o*w + 0*m + 4423 = 4*m. Is w a prime number?
False
Suppose 4*d = 10 - 14. Let l(c) = 4270*c + 4. Let m be l(d). Let x = -2447 - m. Is x a prime number?
False
Suppose 0 = -o + 52873 - 22225 + 22879. Is o a prime number?
True
Suppose -5*x - 89546 = -5*g + 144679, 4*g - 187352 = -3*x. Is g a prime number?
False
Let b = 151819 + -97948. Is b a composite number?
True
Let t(m) = 170*m**3 + 8*m**2 - 19*m + 28. Is t(2) a prime number?
False
Is 315/1890 - 2/12*-37769 a composite number?
True
Suppose 2*l + 0*y - 7 = y, 0 = 5*l - 2*y - 17. Let a(s) = 109*s**2 - 3 - 4 - l + 13 + 4*s. Is a(-8) a composite number?
False
Let m(y) = -y**3 + 7*y**2 + 22*y - 26. Let f be m(9). Let a be 666020/50 + 6/f. Suppose l - a = -6*l. Is l prime?
False
Let c = 4117 + 5300. Let f = -5080 + c. Is f prime?
True
Is 23516/(-20)*-55 - 20 composite?
True
Suppose -19*l = 258790 - 3031821. Is l a composite number?
False
Suppose 4*q + 5 = -5*p, -q + 0*q = 5*p - 10. Is -1 - -528 - (-2)/p*3 prime?
False
Suppose 434*y - 50591342 = 132*y. Is y prime?
True
Suppose 3*g - 100030 = 1155725. Is g a prime number?
False
Suppose 4*x + 0*x - 409533 = x. Is x composite?
False
Suppose -3*j = -2*j - 10. Let b = 6 + j. Suppose -3*s - 5*v = -0*s - 437, 0 = -4*v + b. Is s a composite number?
False
Suppose 6*s - 2*s - 4*k - 752 = 0, 3*s = 5*k + 558. Suppose -4*y + r = -1197, 0 = y + 5*r - 82 - s. Suppose -y = -4*v + 3178. Is v composite?
True
Let r(w) = -3519*w**3 - w**2 - 4*w + 1. Is r(-4) a prime number?
True
Is 5960/(-320) - -19 - (-2255765)/8 a composite number?
False
Let h = 24374 + 65154. Suppose 0 = -21*a + 70891 + h. Is a a composite number?
False
Suppose -3881357 = -3*v - 73*v + 5*v. Is v a composite number?
False
Suppose -d + 282 = -4*p, 4*d + p - 1090 = -2*p. Suppose -2 = d*h - 276*h. Is 4*3989*(h - 21/28) a prime number?
True
Let h(y) = -30*y**3 - 30*y**2 + 77*y + 164. Is h(-15) composite?
True
Suppose 1240973 = n + 5*o, -3*o = 41*n - 39*n - 2481988. Is n composite?
False
Let z = 340101 + -225212. Is z prime?
True
Suppose -88*b + 57*b = -1078149. Is b composite?
True
Suppose -3*w - 3*y - 186 = -7059, -3*w + 6853 = -2*y. Is w prime?
True
Let o be ((-6)/(-8))/(1*7/(-672)). Let d = o + 88. Is 12088/d - 3/(-2) a prime number?
True
Let o(v) be the first derivative of v**3/3 - 17*v**2/2 + 24*v + 14. Let q be o(16). Suppose -g = -q*d + 4*d + 215, 0 = 5*d - g - 268. Is d composite?
False
Suppose -389*s + 191*s + 343878 = -192*s. Is s composite?
True
Let g = 39 - 56. Let j(d) = -d**3 - 16*d**2 - 26*d + 26. Let n be j(g). Let m = 1314 - n. Is m a composite number?
False
Let m = 43 - 40. Let t(i) = -3 + 7*i**2 + 25*i - 27*i + 3*i**2 + m*i**2. Is t(10) prime?
True
Let j = 137 + -133. Suppose 0 = j*r + 2*q - 5679 - 483, -3*r + q = -4634. Is r composite?
False
Suppose -19*k = -22*k + 3*t - 18, 0 = -2*k - t - 3. Is (99/66)/(k/(-38758)) prime?
True
Let c(u) = 7*u - 18. Let z be c(7). Suppose -26*h = -z*h + 5945. Is h a composite number?
True
Let g(b) = -b**3 - 7*b**2 - 4*b + 8. Let x be g(-6). Is (-1414485)/(-405) - x/9 prime?
False
Suppose -4*u - 3*i = 2*i + 3135, -5*u + 3*i - 3965 = 0. Is (u/120*4)/((-2)/246) prime?
False
Let a(i) be the second derivative of 1261*i**3/6 - 27*i**2/2 - 135*i. Is a(2) a composite number?
True
Let r be (-466722)/(-42) + (36/(-21))/4. Suppose 3*j - 3*l = r, -4*j - 3*l + 18560 = j. Is j a prime number?
True
Let g = 10962 - -2239. Is g composite?
True
Let g(v) = -v**2 + 8*v - 16. Let j be g(5). Is (-2243 - -6)*4/(4*j) a prime number?
True
Suppose -2*n + 202528 = -151364. Suppose -d + n = 6*d. Suppose -d = -7*v + 4703. Is v a composite number?
False
Let n = -25110 - -35669. Is n prime?
True
Let m(j) = -j**3 + 7*j**2 - 11*j + 7. Let w be m(5). Let x(n) = 1958*n**2 + 7*n - 17. Is x(w) a composite number?
False
Suppose -377*r + 93243634 + 502366225 = 0. Is r composite?
False
Let n(z) = 5*z**2 + 2. Let d(o) = 14*o**2 + o + 6. Let h(k) = 6*d(k) - 17*n(k). Let q be h(5). Is 549/q + 36/63 composite?
False
Let q = -6 - -9. Let a = q - 1. Suppose m + a*d - 320 = -m, -m = -3*d - 140. Is m a prime number?
False
Suppose 24 = 3*h - p - 2*p, 2*h - 18 = 3*p. Suppose -45 - 69 = -h*y. Suppose 20*x - y*x = 1535. Is x a prime number?
False
Let p = -139 - -153. Let r(x) = 161*x - 101. Is r(p) prime?
True
Let s be (3 + (-4 - 879)*-2)*-1. Let m = 2638 + s. Is m a composite number?
True
Let c(f) = 2*f - 20. Let v be c(14). Suppose 0 = -4*u - 2*m + 54574, 10*m - 2 = v*m. Is u a composite number?
True
Let m(u) = 24*u**2 - 9*u - 3. Let i(w) = -24*w**2 + 9*w + 3. Let k(f) = -6*i(f) - 5*m(f). Let q be k(4). Is (q/(-4) - 2)*(-4)/1 prime?
True
Let n(w) = -w**3 - 6*w**2 + 37*w + 202. Let f be n(-5). Let t(r) = -15*r**3 - 13*r**2 - 18*r - 15. Is t(f) composite?
False
Is (-15)/15 - 24366*-2 a composite number?
False
Let g be (2/(-2))/((16/2)/(-2352)). Suppose -2*x - g + 1162 = 0. Suppose -69*f + 67*f = -x. Is f a prime number?
False
Suppose -5*r + 237855 = -5*l, 10*r + 2*l + 237873 = 15*r. Is r prime?
False
Let p(i) be the third derivative of -1/120*i**6 + 0 + 0*i + 16*i**2 + 3/8*i**4 - 3/20*i**5 - 17/6*i**3. Is p(-12) a composite number?
False
Let x(a) = 1231*a**3 - a**2 - a. Let f be x(1). Suppose s = -f - 5. Let b = s - -1757. Is b composite?
False
Let c = -27 + 29. Let b(w) = 3